{"id":867,"date":"2021-05-16T21:34:56","date_gmt":"2021-05-16T21:34:56","guid":{"rendered":"https:\/\/monabeachwear.com\/?post_type=product&#038;p=867"},"modified":"2021-05-16T21:50:45","modified_gmt":"2021-05-16T21:50:45","slug":"vestido-macarena-2","status":"publish","type":"product","link":"https:\/\/monabeachwear.com\/index.php\/producto\/vestido-macarena-2\/","title":{"rendered":"VESTIDO MACARENA"},"content":{"rendered":"<p>Tela lino de algod\u00f3n, base textil de hilo, composici\u00f3n 80% algod\u00f3n.<\/p>\n","protected":false},"excerpt":{"rendered":"<p>La modelo en la foto mide 1,60mt<\/p>\n","protected":false},"featured_media":809,"template":"","meta":[],"_links":{"self":[{"href":"https:\/\/monabeachwear.com\/index.php\/wp-json\/wp\/v2\/product\/867"}],"collection":[{"href":"https:\/\/monabeachwear.com\/index.php\/wp-json\/wp\/v2\/product"}],"about":[{"href":"https:\/\/monabeachwear.com\/index.php\/wp-json\/wp\/v2\/types\/product"}],"wp:featuredmedia":[{"embeddable":true,"href":"https:\/\/monabeachwear.com\/index.php\/wp-json\/wp\/v2\/media\/809"}],"wp:attachment":[{"href":"https:\/\/monabeachwear.com\/index.php\/wp-json\/wp\/v2\/media?parent=867"}],"curies":[{"name":"wp","href":"https:\/\/api.w.org\/{rel}","templated":true}]}}