{"id":873,"date":"2021-05-16T21:49:06","date_gmt":"2021-05-16T21:49:06","guid":{"rendered":"https:\/\/monabeachwear.com\/?post_type=product&#038;p=873"},"modified":"2021-05-16T21:50:06","modified_gmt":"2021-05-16T21:50:06","slug":"crop-top-manga-volado","status":"publish","type":"product","link":"https:\/\/monabeachwear.com\/index.php\/producto\/crop-top-manga-volado\/","title":{"rendered":"CROP TOP MANGA VOLADO"},"content":{"rendered":"<p>Tela lino de algod\u00f3n, base textil de hilo, composici\u00f3n 80% algod\u00f3n.<\/p>\n","protected":false},"excerpt":{"rendered":"<p>La modelo en la foto mide 1,60mt y usa talla S<\/p>\n","protected":false},"featured_media":811,"template":"","meta":[],"_links":{"self":[{"href":"https:\/\/monabeachwear.com\/index.php\/wp-json\/wp\/v2\/product\/873"}],"collection":[{"href":"https:\/\/monabeachwear.com\/index.php\/wp-json\/wp\/v2\/product"}],"about":[{"href":"https:\/\/monabeachwear.com\/index.php\/wp-json\/wp\/v2\/types\/product"}],"wp:featuredmedia":[{"embeddable":true,"href":"https:\/\/monabeachwear.com\/index.php\/wp-json\/wp\/v2\/media\/811"}],"wp:attachment":[{"href":"https:\/\/monabeachwear.com\/index.php\/wp-json\/wp\/v2\/media?parent=873"}],"curies":[{"name":"wp","href":"https:\/\/api.w.org\/{rel}","templated":true}]}}